{"id":2206,"date":"2018-07-23T13:21:34","date_gmt":"2018-07-23T10:21:34","guid":{"rendered":"https:\/\/www.colores.fi\/information-om-tarmcancer\/diagnosointi-ja-tutkimukset\/"},"modified":"2020-11-30T13:43:19","modified_gmt":"2020-11-30T11:43:19","slug":"diagnostik-och-undersokningar","status":"publish","type":"page","link":"https:\/\/www.colores.fi\/sv\/diagnostik-och-undersokningar\/","title":{"rendered":"Diagnostik och unders\u00f6kningar"},"content":{"rendered":"<p>Misstanken om tarmcancer uppst\u00e5r i allm\u00e4nhet p\u00e5 basen av de symptom patienten redog\u00f6r f\u00f6r p\u00e5 l\u00e4karmottagningen. L\u00e4karen har tillg\u00e5ng till ett flertal metoder f\u00f6r att konstatera tarmcancer ock s\u00e4kerst\u00e4lla diagnosen. Vilka unders\u00f6kningmetoder som v\u00e4ljs ock i vilken omfattning de genomf\u00f6rs beror p\u00e5 hurpass klar diagnosen f\u00f6refaller.<\/p>\n<h2>Palpation (touchering) av \u00e4ndtarmen<\/h2>\n<p>Vid misstanke om tarmcancer unders\u00f6ks i allm\u00e4nhet f\u00f6rst \u00e4ndtarmens distala del. L\u00e4karen g\u00f6r detta genom att via anal\u00f6ppningen k\u00e4nna med fingret efter avvikande kn\u00f6lar och observera eventuellt blod i avf\u00f6ringen.<\/p>\n<h2>Kolonoskopi<\/h2>\n<p>Vid misstanke om tjocktarmstum\u00f6r \u00e4r grundunders\u00f6kningen kolonoskopi. Om man vid unders\u00f6kningen finner omr\u00e5den som avviker fr\u00e5n det normala tar man provbitar (biopsier) fr\u00e5n dessa omr\u00e5den. Om en polyp \u00e4r liten kan den avl\u00e4gsnas helt via kolonoskopet. Provbiten unders\u00f6ks mikroskopiskt f\u00f6r att klarl\u00e4gga f\u00f6rekomst av elakartade celler.<\/p>\n","protected":false},"excerpt":{"rendered":"<p>Misstanken om tarmcancer uppst\u00e5r i allm\u00e4nhet p\u00e5 basen av de symptom patienten redog\u00f6r f\u00f6r p\u00e5 l\u00e4karmottagningen. L\u00e4karen har tillg\u00e5ng till ett flertal metoder f\u00f6r att konstatera tarmcancer ock s\u00e4kerst\u00e4lla diagnosen. Vilka unders\u00f6kningmetoder som v\u00e4ljs ock i vilken omfattning de genomf\u00f6rs beror p\u00e5 hurpass klar diagnosen f\u00f6refaller. Palpation (touchering) av \u00e4ndtarmen Vid misstanke om tarmcancer unders\u00f6ks [&hellip;]<\/p>\n","protected":false},"author":5,"featured_media":0,"parent":0,"menu_order":0,"comment_status":"closed","ping_status":"closed","template":"","meta":{"_genesis_hide_title":false,"_genesis_hide_breadcrumbs":false,"_genesis_hide_singular_image":false,"_genesis_hide_footer_widgets":false,"_genesis_custom_body_class":"","_genesis_custom_post_class":"","_genesis_layout":"","footnotes":""},"class_list":{"0":"post-2206","1":"page","2":"type-page","3":"status-publish","5":"entry"},"acf":[],"yoast_head":"<!-- This site is optimized with the Yoast SEO plugin v23.3 - https:\/\/yoast.com\/wordpress\/plugins\/seo\/ -->\n<title>Diagnostik och unders\u00f6kningar &#8211; Colores<\/title>\n<meta name=\"robots\" content=\"index, follow, max-snippet:-1, max-image-preview:large, max-video-preview:-1\" \/>\n<link rel=\"canonical\" href=\"https:\/\/www.colores.fi\/sv\/diagnostik-och-undersokningar\/\" \/>\n<meta property=\"og:locale\" content=\"sv_SE\" \/>\n<meta property=\"og:type\" content=\"article\" \/>\n<meta property=\"og:title\" content=\"Diagnostik och unders\u00f6kningar &#8211; Colores\" \/>\n<meta property=\"og:description\" content=\"Misstanken om tarmcancer uppst\u00e5r i allm\u00e4nhet p\u00e5 basen av de symptom patienten redog\u00f6r f\u00f6r p\u00e5 l\u00e4karmottagningen. L\u00e4karen har tillg\u00e5ng till ett flertal metoder f\u00f6r att konstatera tarmcancer ock s\u00e4kerst\u00e4lla diagnosen. Vilka unders\u00f6kningmetoder som v\u00e4ljs ock i vilken omfattning de genomf\u00f6rs beror p\u00e5 hurpass klar diagnosen f\u00f6refaller. Palpation (touchering) av \u00e4ndtarmen Vid misstanke om tarmcancer unders\u00f6ks [&hellip;]\" \/>\n<meta property=\"og:url\" content=\"https:\/\/www.colores.fi\/sv\/diagnostik-och-undersokningar\/\" \/>\n<meta property=\"og:site_name\" content=\"Colores\" \/>\n<meta property=\"article:modified_time\" content=\"2020-11-30T11:43:19+00:00\" \/>\n<meta name=\"twitter:card\" content=\"summary_large_image\" \/>\n<meta name=\"twitter:label1\" content=\"Ber\u00e4knad l\u00e4stid\" \/>\n\t<meta name=\"twitter:data1\" content=\"1 minut\" \/>\n<script type=\"application\/ld+json\" class=\"yoast-schema-graph\">{\"@context\":\"https:\/\/schema.org\",\"@graph\":[{\"@type\":\"WebPage\",\"@id\":\"https:\/\/www.colores.fi\/sv\/diagnostik-och-undersokningar\/\",\"url\":\"https:\/\/www.colores.fi\/sv\/diagnostik-och-undersokningar\/\",\"name\":\"Diagnostik och unders\u00f6kningar &#8211; Colores\",\"isPartOf\":{\"@id\":\"https:\/\/www.colores.fi\/#website\"},\"datePublished\":\"2018-07-23T10:21:34+00:00\",\"dateModified\":\"2020-11-30T11:43:19+00:00\",\"breadcrumb\":{\"@id\":\"https:\/\/www.colores.fi\/sv\/diagnostik-och-undersokningar\/#breadcrumb\"},\"inLanguage\":\"sv-SE\",\"potentialAction\":[{\"@type\":\"ReadAction\",\"target\":[\"https:\/\/www.colores.fi\/sv\/diagnostik-och-undersokningar\/\"]}]},{\"@type\":\"BreadcrumbList\",\"@id\":\"https:\/\/www.colores.fi\/sv\/diagnostik-och-undersokningar\/#breadcrumb\",\"itemListElement\":[{\"@type\":\"ListItem\",\"position\":1,\"name\":\"Home\",\"item\":\"https:\/\/www.colores.fi\/sv\/\"},{\"@type\":\"ListItem\",\"position\":2,\"name\":\"Diagnostik och unders\u00f6kningar\"}]},{\"@type\":\"WebSite\",\"@id\":\"https:\/\/www.colores.fi\/#website\",\"url\":\"https:\/\/www.colores.fi\/\",\"name\":\"Colores\",\"description\":\"Finlands Tarmcancerf\u00f6rening rf\",\"publisher\":{\"@id\":\"https:\/\/www.colores.fi\/#organization\"},\"potentialAction\":[{\"@type\":\"SearchAction\",\"target\":{\"@type\":\"EntryPoint\",\"urlTemplate\":\"https:\/\/www.colores.fi\/?s={search_term_string}\"},\"query-input\":\"required name=search_term_string\"}],\"inLanguage\":\"sv-SE\"},{\"@type\":\"Organization\",\"@id\":\"https:\/\/www.colores.fi\/#organization\",\"name\":\"Colores-Suomen suolistosy\u00f6p\u00e4yhdistys ry\",\"url\":\"https:\/\/www.colores.fi\/\",\"logo\":{\"@type\":\"ImageObject\",\"inLanguage\":\"sv-SE\",\"@id\":\"https:\/\/www.colores.fi\/#\/schema\/logo\/image\/\",\"url\":\"https:\/\/www.colores.fi\/app\/uploads\/2018\/05\/colores_logo.png\",\"contentUrl\":\"https:\/\/www.colores.fi\/app\/uploads\/2018\/05\/colores_logo.png\",\"width\":1795,\"height\":437,\"caption\":\"Colores-Suomen suolistosy\u00f6p\u00e4yhdistys ry\"},\"image\":{\"@id\":\"https:\/\/www.colores.fi\/#\/schema\/logo\/image\/\"}}]}<\/script>\n<!-- \/ Yoast SEO plugin. -->","yoast_head_json":{"title":"Diagnostik och unders\u00f6kningar &#8211; Colores","robots":{"index":"index","follow":"follow","max-snippet":"max-snippet:-1","max-image-preview":"max-image-preview:large","max-video-preview":"max-video-preview:-1"},"canonical":"https:\/\/www.colores.fi\/sv\/diagnostik-och-undersokningar\/","og_locale":"sv_SE","og_type":"article","og_title":"Diagnostik och unders\u00f6kningar &#8211; Colores","og_description":"Misstanken om tarmcancer uppst\u00e5r i allm\u00e4nhet p\u00e5 basen av de symptom patienten redog\u00f6r f\u00f6r p\u00e5 l\u00e4karmottagningen. L\u00e4karen har tillg\u00e5ng till ett flertal metoder f\u00f6r att konstatera tarmcancer ock s\u00e4kerst\u00e4lla diagnosen. Vilka unders\u00f6kningmetoder som v\u00e4ljs ock i vilken omfattning de genomf\u00f6rs beror p\u00e5 hurpass klar diagnosen f\u00f6refaller. Palpation (touchering) av \u00e4ndtarmen Vid misstanke om tarmcancer unders\u00f6ks [&hellip;]","og_url":"https:\/\/www.colores.fi\/sv\/diagnostik-och-undersokningar\/","og_site_name":"Colores","article_modified_time":"2020-11-30T11:43:19+00:00","twitter_card":"summary_large_image","twitter_misc":{"Ber\u00e4knad l\u00e4stid":"1 minut"},"schema":{"@context":"https:\/\/schema.org","@graph":[{"@type":"WebPage","@id":"https:\/\/www.colores.fi\/sv\/diagnostik-och-undersokningar\/","url":"https:\/\/www.colores.fi\/sv\/diagnostik-och-undersokningar\/","name":"Diagnostik och unders\u00f6kningar &#8211; Colores","isPartOf":{"@id":"https:\/\/www.colores.fi\/#website"},"datePublished":"2018-07-23T10:21:34+00:00","dateModified":"2020-11-30T11:43:19+00:00","breadcrumb":{"@id":"https:\/\/www.colores.fi\/sv\/diagnostik-och-undersokningar\/#breadcrumb"},"inLanguage":"sv-SE","potentialAction":[{"@type":"ReadAction","target":["https:\/\/www.colores.fi\/sv\/diagnostik-och-undersokningar\/"]}]},{"@type":"BreadcrumbList","@id":"https:\/\/www.colores.fi\/sv\/diagnostik-och-undersokningar\/#breadcrumb","itemListElement":[{"@type":"ListItem","position":1,"name":"Home","item":"https:\/\/www.colores.fi\/sv\/"},{"@type":"ListItem","position":2,"name":"Diagnostik och unders\u00f6kningar"}]},{"@type":"WebSite","@id":"https:\/\/www.colores.fi\/#website","url":"https:\/\/www.colores.fi\/","name":"Colores","description":"Finlands Tarmcancerf\u00f6rening rf","publisher":{"@id":"https:\/\/www.colores.fi\/#organization"},"potentialAction":[{"@type":"SearchAction","target":{"@type":"EntryPoint","urlTemplate":"https:\/\/www.colores.fi\/?s={search_term_string}"},"query-input":"required name=search_term_string"}],"inLanguage":"sv-SE"},{"@type":"Organization","@id":"https:\/\/www.colores.fi\/#organization","name":"Colores-Suomen suolistosy\u00f6p\u00e4yhdistys ry","url":"https:\/\/www.colores.fi\/","logo":{"@type":"ImageObject","inLanguage":"sv-SE","@id":"https:\/\/www.colores.fi\/#\/schema\/logo\/image\/","url":"https:\/\/www.colores.fi\/app\/uploads\/2018\/05\/colores_logo.png","contentUrl":"https:\/\/www.colores.fi\/app\/uploads\/2018\/05\/colores_logo.png","width":1795,"height":437,"caption":"Colores-Suomen suolistosy\u00f6p\u00e4yhdistys ry"},"image":{"@id":"https:\/\/www.colores.fi\/#\/schema\/logo\/image\/"}}]}},"_links":{"self":[{"href":"https:\/\/www.colores.fi\/sv\/wp-json\/wp\/v2\/pages\/2206"}],"collection":[{"href":"https:\/\/www.colores.fi\/sv\/wp-json\/wp\/v2\/pages"}],"about":[{"href":"https:\/\/www.colores.fi\/sv\/wp-json\/wp\/v2\/types\/page"}],"author":[{"embeddable":true,"href":"https:\/\/www.colores.fi\/sv\/wp-json\/wp\/v2\/users\/5"}],"replies":[{"embeddable":true,"href":"https:\/\/www.colores.fi\/sv\/wp-json\/wp\/v2\/comments?post=2206"}],"version-history":[{"count":2,"href":"https:\/\/www.colores.fi\/sv\/wp-json\/wp\/v2\/pages\/2206\/revisions"}],"predecessor-version":[{"id":4588,"href":"https:\/\/www.colores.fi\/sv\/wp-json\/wp\/v2\/pages\/2206\/revisions\/4588"}],"wp:attachment":[{"href":"https:\/\/www.colores.fi\/sv\/wp-json\/wp\/v2\/media?parent=2206"}],"curies":[{"name":"wp","href":"https:\/\/api.w.org\/{rel}","templated":true}]}}

Diagnostik och undersökningar

<p>Misstanken om tarmcancer uppstår i allmänhet på basen av de symptom patienten redogör för på läkarmottagningen. Läkaren har tillgång till ett flertal metoder för att konstatera tarmcancer ock säkerställa diagnosen. Vilka undersökningmetoder som väljs ock i vilken omfattning de genomförs beror på hurpass klar diagnosen förefaller.</p>
<h2>Palpation (touchering) av ändtarmen</h2>
<p>Vid misstanke om tarmcancer undersöks i allmänhet först ändtarmens distala del. Läkaren gör detta genom att via analöppningen känna med fingret efter avvikande knölar och observera eventuellt blod i avföringen.</p>
<h2>Kolonoskopi</h2>
<p>Vid misstanke om tjocktarmstumör är grundundersökningen kolonoskopi. Om man vid undersökningen finner områden som avviker från det normala tar man provbitar (biopsier) från dessa områden. Om en polyp är liten kan den avlägsnas helt via kolonoskopet. Provbiten undersöks mikroskopiskt för att klarlägga förekomst av elakartade celler.</p>

<p>Misstanken om tarmcancer uppstår i allmänhet på basen av de symptom patienten redogör för på läkarmottagningen. Läkaren har tillgång till ett flertal metoder för att konstatera tarmcancer ock säkerställa diagnosen. Vilka undersökningmetoder som väljs ock i vilken omfattning de genomförs beror på hurpass klar diagnosen förefaller. Palpation (touchering) av ändtarmen Vid misstanke om tarmcancer undersöks [&hellip;]</p>

<!-- This site is optimized with the Yoast SEO plugin v23.3 - https://yoast.com/wordpress/plugins/seo/ -->
<title>Diagnostik och undersökningar &#8211; Colores</title>
<meta name="robots" content="index, follow, max-snippet:-1, max-image-preview:large, max-video-preview:-1" />
<link rel="canonical" href="https://www.colores.fi/sv/diagnostik-och-undersokningar/" />
<meta property="og:locale" content="sv_SE" />
<meta property="og:type" content="article" />
<meta property="og:title" content="Diagnostik och undersökningar &#8211; Colores" />
<meta property="og:description" content="Misstanken om tarmcancer uppstår i allmänhet på basen av de symptom patienten redogör för på läkarmottagningen. Läkaren har tillgång till ett flertal metoder för att konstatera tarmcancer ock säkerställa diagnosen. Vilka undersökningmetoder som väljs ock i vilken omfattning de genomförs beror på hurpass klar diagnosen förefaller. Palpation (touchering) av ändtarmen Vid misstanke om tarmcancer undersöks [&hellip;]" />
<meta property="og:url" content="https://www.colores.fi/sv/diagnostik-och-undersokningar/" />
<meta property="og:site_name" content="Colores" />
<meta property="article:modified_time" content="2020-11-30T11:43:19+00:00" />
<meta name="twitter:card" content="summary_large_image" />
<meta name="twitter:label1" content="Beräknad lästid" />
	<meta name="twitter:data1" content="1 minut" />
<script type="application/ld+json" class="yoast-schema-graph">{"@context":"https://schema.org","@graph":[{"@type":"WebPage","@id":"https://www.colores.fi/sv/diagnostik-och-undersokningar/","url":"https://www.colores.fi/sv/diagnostik-och-undersokningar/","name":"Diagnostik och undersökningar &#8211; Colores","isPartOf":{"@id":"https://www.colores.fi/#website"},"datePublished":"2018-07-23T10:21:34+00:00","dateModified":"2020-11-30T11:43:19+00:00","breadcrumb":{"@id":"https://www.colores.fi/sv/diagnostik-och-undersokningar/#breadcrumb"},"inLanguage":"sv-SE","potentialAction":[{"@type":"ReadAction","target":["https://www.colores.fi/sv/diagnostik-och-undersokningar/"]}]},{"@type":"BreadcrumbList","@id":"https://www.colores.fi/sv/diagnostik-och-undersokningar/#breadcrumb","itemListElement":[{"@type":"ListItem","position":1,"name":"Home","item":"https://www.colores.fi/sv/"},{"@type":"ListItem","position":2,"name":"Diagnostik och undersökningar"}]},{"@type":"WebSite","@id":"https://www.colores.fi/#website","url":"https://www.colores.fi/","name":"Colores","description":"Finlands Tarmcancerförening rf","publisher":{"@id":"https://www.colores.fi/#organization"},"potentialAction":[{"@type":"SearchAction","target":{"@type":"EntryPoint","urlTemplate":"https://www.colores.fi/?s={search_term_string}"},"query-input":"required name=search_term_string"}],"inLanguage":"sv-SE"},{"@type":"Organization","@id":"https://www.colores.fi/#organization","name":"Colores-Suomen suolistosyöpäyhdistys ry","url":"https://www.colores.fi/","logo":{"@type":"ImageObject","inLanguage":"sv-SE","@id":"https://www.colores.fi/#/schema/logo/image/","url":"https://www.colores.fi/app/uploads/2018/05/colores_logo.png","contentUrl":"https://www.colores.fi/app/uploads/2018/05/colores_logo.png","width":1795,"height":437,"caption":"Colores-Suomen suolistosyöpäyhdistys ry"},"image":{"@id":"https://www.colores.fi/#/schema/logo/image/"}}]}</script>
<!-- / Yoast SEO plugin. -->

Diagnostik och undersökningar &#8211; Colores

Misstanken om tarmcancer uppstår i allmänhet på basen av de symptom patienten redogör för på läkarmottagningen. Läkaren har tillgång till ett flertal metoder för att konstatera tarmcancer ock säkerställa diagnosen. Vilka undersökningmetoder som väljs ock i vilken omfattning de genomförs beror på hurpass klar diagnosen förefaller. Palpation (touchering) av ändtarmen Vid misstanke om tarmcancer undersöks [&hellip;]

Finlands Tarmcancerförening rf

Colores-Suomen suolistosyöpäyhdistys ry
