{"id":2195,"date":"2018-05-29T15:40:05","date_gmt":"2018-05-29T12:40:05","guid":{"rendered":"https:\/\/www.colores.fi\/tietoa-suolistosyovasta\/"},"modified":"2025-05-08T13:38:14","modified_gmt":"2025-05-08T10:38:14","slug":"information-om-tarmcancer","status":"publish","type":"page","link":"https:\/\/www.colores.fi\/sv\/information-om-tarmcancer\/","title":{"rendered":"Information om tarmcancer"},"content":{"rendered":"<p>Cancer i tjock- och \u00e4ndtarmen kallas tarmcancer. Tarmcancer \u00e4r den den n\u00e4st vanligaste cancern hos b\u00e5de m\u00e4n och kvinnor. \u00c5rligen insjuknar n\u00e4stan 4000 finl\u00e4ndare i kolorektal cancer. Cancer i tjock- och \u00e4ndtarmen har blivit vanligare i Finland under de senaste femtio \u00e5ren, och man tror att antalet patienter forts\u00e4ttningsvis kommer att \u00f6ka fr\u00e4mst p.g.a. att befolkningen \u00e5ldras .Vid kolorektal cancer \u00e4r v\u00e5rdresultaten desto b\u00e4ttre ju tidigare sjukdomen diagnostiseras.<\/p>\n<p>Eftersom tarmcancer vanligen utvecklar sig fr\u00e5n adenom, d.v.s. godartade polyper, vore det mycket viktigt att konstatera och avl\u00e4gsna s\u00e5dana f\u00f6r\u00e4ndringar innan de har hunnit bli elakartade.<\/p>\n<p>Man kan \u00e4nnu inte i detalj utreda vilka faktorer som orsakar cancer i tjock- och \u00e4ndtarmen. Man har dock uppskattat att \u00f6ver h\u00e4lften av fallen kunde ha undvikits om patienterna hade \u00e4ndrat sin kosth\u00e5llning, motionerat mera och undvikit \u00f6vervikt. Personer som lider av l\u00e5ngvariga inflammatoriska tarmsjukdomar l\u00f6per en medeltalet \u00f6verskridande risk att insjukna i cancer i tjock- och \u00e4ndtarmen. Risken att insjukna i tarmcancer kan ocks\u00e5 vara ned\u00e4rvd.<\/p>\n","protected":false},"excerpt":{"rendered":"<p>Cancer i tjock- och \u00e4ndtarmen kallas tarmcancer. Tarmcancer \u00e4r den den n\u00e4st vanligaste cancern hos b\u00e5de m\u00e4n och kvinnor. \u00c5rligen insjuknar n\u00e4stan 4000 finl\u00e4ndare i kolorektal cancer. Cancer i tjock- och \u00e4ndtarmen har blivit vanligare i Finland under de senaste femtio \u00e5ren, och man tror att antalet patienter forts\u00e4ttningsvis kommer att \u00f6ka fr\u00e4mst p.g.a. att [&hellip;]<\/p>\n","protected":false},"author":1,"featured_media":2197,"parent":0,"menu_order":0,"comment_status":"closed","ping_status":"closed","template":"","meta":{"_genesis_hide_title":false,"_genesis_hide_breadcrumbs":false,"_genesis_hide_singular_image":false,"_genesis_hide_footer_widgets":false,"_genesis_custom_body_class":"","_genesis_custom_post_class":"","_genesis_layout":"","footnotes":""},"class_list":{"0":"post-2195","1":"page","2":"type-page","3":"status-publish","4":"has-post-thumbnail","6":"entry"},"acf":[],"yoast_head":"<!-- This site is optimized with the Yoast SEO plugin v23.3 - https:\/\/yoast.com\/wordpress\/plugins\/seo\/ -->\n<title>Information om tarmcancer &#8211; Colores<\/title>\n<meta name=\"robots\" content=\"index, follow, max-snippet:-1, max-image-preview:large, max-video-preview:-1\" \/>\n<link rel=\"canonical\" href=\"https:\/\/www.colores.fi\/sv\/information-om-tarmcancer\/\" \/>\n<meta property=\"og:locale\" content=\"sv_SE\" \/>\n<meta property=\"og:type\" content=\"article\" \/>\n<meta property=\"og:title\" content=\"Information om tarmcancer &#8211; Colores\" \/>\n<meta property=\"og:description\" content=\"Cancer i tjock- och \u00e4ndtarmen kallas tarmcancer. Tarmcancer \u00e4r den den n\u00e4st vanligaste cancern hos b\u00e5de m\u00e4n och kvinnor. \u00c5rligen insjuknar n\u00e4stan 4000 finl\u00e4ndare i kolorektal cancer. Cancer i tjock- och \u00e4ndtarmen har blivit vanligare i Finland under de senaste femtio \u00e5ren, och man tror att antalet patienter forts\u00e4ttningsvis kommer att \u00f6ka fr\u00e4mst p.g.a. att [&hellip;]\" \/>\n<meta property=\"og:url\" content=\"https:\/\/www.colores.fi\/sv\/information-om-tarmcancer\/\" \/>\n<meta property=\"og:site_name\" content=\"Colores\" \/>\n<meta property=\"article:modified_time\" content=\"2025-05-08T10:38:14+00:00\" \/>\n<meta property=\"og:image\" content=\"https:\/\/www.colores.fi\/app\/uploads\/2018\/09\/appointment-appointment-book-blur-40568.jpg\" \/>\n\t<meta property=\"og:image:width\" content=\"3000\" \/>\n\t<meta property=\"og:image:height\" content=\"2000\" \/>\n\t<meta property=\"og:image:type\" content=\"image\/jpeg\" \/>\n<meta name=\"twitter:card\" content=\"summary_large_image\" \/>\n<meta name=\"twitter:label1\" content=\"Ber\u00e4knad l\u00e4stid\" \/>\n\t<meta name=\"twitter:data1\" content=\"2 minuter\" \/>\n<script type=\"application\/ld+json\" class=\"yoast-schema-graph\">{\"@context\":\"https:\/\/schema.org\",\"@graph\":[{\"@type\":\"WebPage\",\"@id\":\"https:\/\/www.colores.fi\/sv\/information-om-tarmcancer\/\",\"url\":\"https:\/\/www.colores.fi\/sv\/information-om-tarmcancer\/\",\"name\":\"Information om tarmcancer &#8211; Colores\",\"isPartOf\":{\"@id\":\"https:\/\/www.colores.fi\/#website\"},\"primaryImageOfPage\":{\"@id\":\"https:\/\/www.colores.fi\/sv\/information-om-tarmcancer\/#primaryimage\"},\"image\":{\"@id\":\"https:\/\/www.colores.fi\/sv\/information-om-tarmcancer\/#primaryimage\"},\"thumbnailUrl\":\"https:\/\/www.colores.fi\/app\/uploads\/2018\/09\/appointment-appointment-book-blur-40568.jpg\",\"datePublished\":\"2018-05-29T12:40:05+00:00\",\"dateModified\":\"2025-05-08T10:38:14+00:00\",\"breadcrumb\":{\"@id\":\"https:\/\/www.colores.fi\/sv\/information-om-tarmcancer\/#breadcrumb\"},\"inLanguage\":\"sv-SE\",\"potentialAction\":[{\"@type\":\"ReadAction\",\"target\":[\"https:\/\/www.colores.fi\/sv\/information-om-tarmcancer\/\"]}]},{\"@type\":\"ImageObject\",\"inLanguage\":\"sv-SE\",\"@id\":\"https:\/\/www.colores.fi\/sv\/information-om-tarmcancer\/#primaryimage\",\"url\":\"https:\/\/www.colores.fi\/app\/uploads\/2018\/09\/appointment-appointment-book-blur-40568.jpg\",\"contentUrl\":\"https:\/\/www.colores.fi\/app\/uploads\/2018\/09\/appointment-appointment-book-blur-40568.jpg\",\"width\":3000,\"height\":2000},{\"@type\":\"BreadcrumbList\",\"@id\":\"https:\/\/www.colores.fi\/sv\/information-om-tarmcancer\/#breadcrumb\",\"itemListElement\":[{\"@type\":\"ListItem\",\"position\":1,\"name\":\"Home\",\"item\":\"https:\/\/www.colores.fi\/sv\/\"},{\"@type\":\"ListItem\",\"position\":2,\"name\":\"Information om tarmcancer\"}]},{\"@type\":\"WebSite\",\"@id\":\"https:\/\/www.colores.fi\/#website\",\"url\":\"https:\/\/www.colores.fi\/\",\"name\":\"Colores\",\"description\":\"Finlands Tarmcancerf\u00f6rening rf\",\"publisher\":{\"@id\":\"https:\/\/www.colores.fi\/#organization\"},\"potentialAction\":[{\"@type\":\"SearchAction\",\"target\":{\"@type\":\"EntryPoint\",\"urlTemplate\":\"https:\/\/www.colores.fi\/?s={search_term_string}\"},\"query-input\":\"required name=search_term_string\"}],\"inLanguage\":\"sv-SE\"},{\"@type\":\"Organization\",\"@id\":\"https:\/\/www.colores.fi\/#organization\",\"name\":\"Colores-Suomen suolistosy\u00f6p\u00e4yhdistys ry\",\"url\":\"https:\/\/www.colores.fi\/\",\"logo\":{\"@type\":\"ImageObject\",\"inLanguage\":\"sv-SE\",\"@id\":\"https:\/\/www.colores.fi\/#\/schema\/logo\/image\/\",\"url\":\"https:\/\/www.colores.fi\/app\/uploads\/2018\/05\/colores_logo.png\",\"contentUrl\":\"https:\/\/www.colores.fi\/app\/uploads\/2018\/05\/colores_logo.png\",\"width\":1795,\"height\":437,\"caption\":\"Colores-Suomen suolistosy\u00f6p\u00e4yhdistys ry\"},\"image\":{\"@id\":\"https:\/\/www.colores.fi\/#\/schema\/logo\/image\/\"}}]}<\/script>\n<!-- \/ Yoast SEO plugin. -->","yoast_head_json":{"title":"Information om tarmcancer &#8211; Colores","robots":{"index":"index","follow":"follow","max-snippet":"max-snippet:-1","max-image-preview":"max-image-preview:large","max-video-preview":"max-video-preview:-1"},"canonical":"https:\/\/www.colores.fi\/sv\/information-om-tarmcancer\/","og_locale":"sv_SE","og_type":"article","og_title":"Information om tarmcancer &#8211; Colores","og_description":"Cancer i tjock- och \u00e4ndtarmen kallas tarmcancer. Tarmcancer \u00e4r den den n\u00e4st vanligaste cancern hos b\u00e5de m\u00e4n och kvinnor. \u00c5rligen insjuknar n\u00e4stan 4000 finl\u00e4ndare i kolorektal cancer. Cancer i tjock- och \u00e4ndtarmen har blivit vanligare i Finland under de senaste femtio \u00e5ren, och man tror att antalet patienter forts\u00e4ttningsvis kommer att \u00f6ka fr\u00e4mst p.g.a. att [&hellip;]","og_url":"https:\/\/www.colores.fi\/sv\/information-om-tarmcancer\/","og_site_name":"Colores","article_modified_time":"2025-05-08T10:38:14+00:00","og_image":[{"width":3000,"height":2000,"url":"https:\/\/www.colores.fi\/app\/uploads\/2018\/09\/appointment-appointment-book-blur-40568.jpg","type":"image\/jpeg"}],"twitter_card":"summary_large_image","twitter_misc":{"Ber\u00e4knad l\u00e4stid":"2 minuter"},"schema":{"@context":"https:\/\/schema.org","@graph":[{"@type":"WebPage","@id":"https:\/\/www.colores.fi\/sv\/information-om-tarmcancer\/","url":"https:\/\/www.colores.fi\/sv\/information-om-tarmcancer\/","name":"Information om tarmcancer &#8211; Colores","isPartOf":{"@id":"https:\/\/www.colores.fi\/#website"},"primaryImageOfPage":{"@id":"https:\/\/www.colores.fi\/sv\/information-om-tarmcancer\/#primaryimage"},"image":{"@id":"https:\/\/www.colores.fi\/sv\/information-om-tarmcancer\/#primaryimage"},"thumbnailUrl":"https:\/\/www.colores.fi\/app\/uploads\/2018\/09\/appointment-appointment-book-blur-40568.jpg","datePublished":"2018-05-29T12:40:05+00:00","dateModified":"2025-05-08T10:38:14+00:00","breadcrumb":{"@id":"https:\/\/www.colores.fi\/sv\/information-om-tarmcancer\/#breadcrumb"},"inLanguage":"sv-SE","potentialAction":[{"@type":"ReadAction","target":["https:\/\/www.colores.fi\/sv\/information-om-tarmcancer\/"]}]},{"@type":"ImageObject","inLanguage":"sv-SE","@id":"https:\/\/www.colores.fi\/sv\/information-om-tarmcancer\/#primaryimage","url":"https:\/\/www.colores.fi\/app\/uploads\/2018\/09\/appointment-appointment-book-blur-40568.jpg","contentUrl":"https:\/\/www.colores.fi\/app\/uploads\/2018\/09\/appointment-appointment-book-blur-40568.jpg","width":3000,"height":2000},{"@type":"BreadcrumbList","@id":"https:\/\/www.colores.fi\/sv\/information-om-tarmcancer\/#breadcrumb","itemListElement":[{"@type":"ListItem","position":1,"name":"Home","item":"https:\/\/www.colores.fi\/sv\/"},{"@type":"ListItem","position":2,"name":"Information om tarmcancer"}]},{"@type":"WebSite","@id":"https:\/\/www.colores.fi\/#website","url":"https:\/\/www.colores.fi\/","name":"Colores","description":"Finlands Tarmcancerf\u00f6rening rf","publisher":{"@id":"https:\/\/www.colores.fi\/#organization"},"potentialAction":[{"@type":"SearchAction","target":{"@type":"EntryPoint","urlTemplate":"https:\/\/www.colores.fi\/?s={search_term_string}"},"query-input":"required name=search_term_string"}],"inLanguage":"sv-SE"},{"@type":"Organization","@id":"https:\/\/www.colores.fi\/#organization","name":"Colores-Suomen suolistosy\u00f6p\u00e4yhdistys ry","url":"https:\/\/www.colores.fi\/","logo":{"@type":"ImageObject","inLanguage":"sv-SE","@id":"https:\/\/www.colores.fi\/#\/schema\/logo\/image\/","url":"https:\/\/www.colores.fi\/app\/uploads\/2018\/05\/colores_logo.png","contentUrl":"https:\/\/www.colores.fi\/app\/uploads\/2018\/05\/colores_logo.png","width":1795,"height":437,"caption":"Colores-Suomen suolistosy\u00f6p\u00e4yhdistys ry"},"image":{"@id":"https:\/\/www.colores.fi\/#\/schema\/logo\/image\/"}}]}},"_links":{"self":[{"href":"https:\/\/www.colores.fi\/sv\/wp-json\/wp\/v2\/pages\/2195"}],"collection":[{"href":"https:\/\/www.colores.fi\/sv\/wp-json\/wp\/v2\/pages"}],"about":[{"href":"https:\/\/www.colores.fi\/sv\/wp-json\/wp\/v2\/types\/page"}],"author":[{"embeddable":true,"href":"https:\/\/www.colores.fi\/sv\/wp-json\/wp\/v2\/users\/1"}],"replies":[{"embeddable":true,"href":"https:\/\/www.colores.fi\/sv\/wp-json\/wp\/v2\/comments?post=2195"}],"version-history":[{"count":3,"href":"https:\/\/www.colores.fi\/sv\/wp-json\/wp\/v2\/pages\/2195\/revisions"}],"predecessor-version":[{"id":11733,"href":"https:\/\/www.colores.fi\/sv\/wp-json\/wp\/v2\/pages\/2195\/revisions\/11733"}],"wp:featuredmedia":[{"embeddable":true,"href":"https:\/\/www.colores.fi\/sv\/wp-json\/wp\/v2\/media\/2197"}],"wp:attachment":[{"href":"https:\/\/www.colores.fi\/sv\/wp-json\/wp\/v2\/media?parent=2195"}],"curies":[{"name":"wp","href":"https:\/\/api.w.org\/{rel}","templated":true}]}}

<p>Cancer i tjock- och ändtarmen kallas tarmcancer. Tarmcancer är den den näst vanligaste cancern hos både män och kvinnor. Årligen insjuknar nästan 4000 finländare i kolorektal cancer. Cancer i tjock- och ändtarmen har blivit vanligare i Finland under de senaste femtio åren, och man tror att antalet patienter fortsättningsvis kommer att öka främst p.g.a. att befolkningen åldras .Vid kolorektal cancer är vårdresultaten desto bättre ju tidigare sjukdomen diagnostiseras.</p>
<p>Eftersom tarmcancer vanligen utvecklar sig från adenom, d.v.s. godartade polyper, vore det mycket viktigt att konstatera och avlägsna sådana förändringar innan de har hunnit bli elakartade.</p>
<p>Man kan ännu inte i detalj utreda vilka faktorer som orsakar cancer i tjock- och ändtarmen. Man har dock uppskattat att över hälften av fallen kunde ha undvikits om patienterna hade ändrat sin kosthållning, motionerat mera och undvikit övervikt. Personer som lider av långvariga inflammatoriska tarmsjukdomar löper en medeltalet överskridande risk att insjukna i cancer i tjock- och ändtarmen. Risken att insjukna i tarmcancer kan också vara nedärvd.</p>

<p>Cancer i tjock- och ändtarmen kallas tarmcancer. Tarmcancer är den den näst vanligaste cancern hos både män och kvinnor. Årligen insjuknar nästan 4000 finländare i kolorektal cancer. Cancer i tjock- och ändtarmen har blivit vanligare i Finland under de senaste femtio åren, och man tror att antalet patienter fortsättningsvis kommer att öka främst p.g.a. att [&hellip;]</p>

<!-- This site is optimized with the Yoast SEO plugin v23.3 - https://yoast.com/wordpress/plugins/seo/ -->
<title>Information om tarmcancer &#8211; Colores</title>
<meta name="robots" content="index, follow, max-snippet:-1, max-image-preview:large, max-video-preview:-1" />
<link rel="canonical" href="https://www.colores.fi/sv/information-om-tarmcancer/" />
<meta property="og:locale" content="sv_SE" />
<meta property="og:type" content="article" />
<meta property="og:title" content="Information om tarmcancer &#8211; Colores" />
<meta property="og:description" content="Cancer i tjock- och ändtarmen kallas tarmcancer. Tarmcancer är den den näst vanligaste cancern hos både män och kvinnor. Årligen insjuknar nästan 4000 finländare i kolorektal cancer. Cancer i tjock- och ändtarmen har blivit vanligare i Finland under de senaste femtio åren, och man tror att antalet patienter fortsättningsvis kommer att öka främst p.g.a. att [&hellip;]" />
<meta property="og:url" content="https://www.colores.fi/sv/information-om-tarmcancer/" />
<meta property="og:site_name" content="Colores" />
<meta property="article:modified_time" content="2025-05-08T10:38:14+00:00" />
<meta property="og:image" content="https://www.colores.fi/app/uploads/2018/09/appointment-appointment-book-blur-40568.jpg" />
	<meta property="og:image:width" content="3000" />
	<meta property="og:image:height" content="2000" />
	<meta property="og:image:type" content="image/jpeg" />
<meta name="twitter:card" content="summary_large_image" />
<meta name="twitter:label1" content="Beräknad lästid" />
	<meta name="twitter:data1" content="2 minuter" />
<script type="application/ld+json" class="yoast-schema-graph">{"@context":"https://schema.org","@graph":[{"@type":"WebPage","@id":"https://www.colores.fi/sv/information-om-tarmcancer/","url":"https://www.colores.fi/sv/information-om-tarmcancer/","name":"Information om tarmcancer &#8211; Colores","isPartOf":{"@id":"https://www.colores.fi/#website"},"primaryImageOfPage":{"@id":"https://www.colores.fi/sv/information-om-tarmcancer/#primaryimage"},"image":{"@id":"https://www.colores.fi/sv/information-om-tarmcancer/#primaryimage"},"thumbnailUrl":"https://www.colores.fi/app/uploads/2018/09/appointment-appointment-book-blur-40568.jpg","datePublished":"2018-05-29T12:40:05+00:00","dateModified":"2025-05-08T10:38:14+00:00","breadcrumb":{"@id":"https://www.colores.fi/sv/information-om-tarmcancer/#breadcrumb"},"inLanguage":"sv-SE","potentialAction":[{"@type":"ReadAction","target":["https://www.colores.fi/sv/information-om-tarmcancer/"]}]},{"@type":"ImageObject","inLanguage":"sv-SE","@id":"https://www.colores.fi/sv/information-om-tarmcancer/#primaryimage","url":"https://www.colores.fi/app/uploads/2018/09/appointment-appointment-book-blur-40568.jpg","contentUrl":"https://www.colores.fi/app/uploads/2018/09/appointment-appointment-book-blur-40568.jpg","width":3000,"height":2000},{"@type":"BreadcrumbList","@id":"https://www.colores.fi/sv/information-om-tarmcancer/#breadcrumb","itemListElement":[{"@type":"ListItem","position":1,"name":"Home","item":"https://www.colores.fi/sv/"},{"@type":"ListItem","position":2,"name":"Information om tarmcancer"}]},{"@type":"WebSite","@id":"https://www.colores.fi/#website","url":"https://www.colores.fi/","name":"Colores","description":"Finlands Tarmcancerförening rf","publisher":{"@id":"https://www.colores.fi/#organization"},"potentialAction":[{"@type":"SearchAction","target":{"@type":"EntryPoint","urlTemplate":"https://www.colores.fi/?s={search_term_string}"},"query-input":"required name=search_term_string"}],"inLanguage":"sv-SE"},{"@type":"Organization","@id":"https://www.colores.fi/#organization","name":"Colores-Suomen suolistosyöpäyhdistys ry","url":"https://www.colores.fi/","logo":{"@type":"ImageObject","inLanguage":"sv-SE","@id":"https://www.colores.fi/#/schema/logo/image/","url":"https://www.colores.fi/app/uploads/2018/05/colores_logo.png","contentUrl":"https://www.colores.fi/app/uploads/2018/05/colores_logo.png","width":1795,"height":437,"caption":"Colores-Suomen suolistosyöpäyhdistys ry"},"image":{"@id":"https://www.colores.fi/#/schema/logo/image/"}}]}</script>
<!-- / Yoast SEO plugin. -->

Cancer i tjock- och ändtarmen kallas tarmcancer. Tarmcancer är den den näst vanligaste cancern hos både män och kvinnor. Årligen insjuknar nästan 4000 finländare i kolorektal cancer. Cancer i tjock- och ändtarmen har blivit vanligare i Finland under de senaste femtio åren, och man tror att antalet patienter fortsättningsvis kommer att öka främst p.g.a. att [&hellip;]

Finlands Tarmcancerförening rf

Colores-Suomen suolistosyöpäyhdistys ry
