{"id":2179,"date":"2018-05-29T15:00:10","date_gmt":"2018-05-29T12:00:10","guid":{"rendered":"https:\/\/www.colores.fi\/etusivu\/"},"modified":"2024-06-05T18:39:38","modified_gmt":"2024-06-05T15:39:38","slug":"etusivu","status":"publish","type":"page","link":"https:\/\/www.colores.fi\/sv\/","title":{"rendered":"Startsida"},"content":{"rendered":"","protected":false},"excerpt":{"rendered":"","protected":false},"author":1,"featured_media":2181,"parent":0,"menu_order":0,"comment_status":"closed","ping_status":"closed","template":"","meta":{"_genesis_hide_title":false,"_genesis_hide_breadcrumbs":false,"_genesis_hide_singular_image":false,"_genesis_hide_footer_widgets":false,"_genesis_custom_body_class":"","_genesis_custom_post_class":"","_genesis_layout":"full-width-content","footnotes":""},"class_list":{"0":"post-2179","1":"page","2":"type-page","3":"status-publish","4":"has-post-thumbnail","6":"entry"},"acf":[],"yoast_head":"<!-- This site is optimized with the Yoast SEO plugin v23.3 - https:\/\/yoast.com\/wordpress\/plugins\/seo\/ -->\n<title>Startsida &#8211; Colores<\/title>\n<meta name=\"description\" content=\"Information om tarmncancer och uppgift att st\u00f6dapatienterna och deras n\u00e4rst\u00e5ende\" \/>\n<meta name=\"robots\" content=\"index, follow, max-snippet:-1, max-image-preview:large, max-video-preview:-1\" \/>\n<link rel=\"canonical\" href=\"https:\/\/www.colores.fi\/sv\/\" \/>\n<meta property=\"og:locale\" content=\"sv_SE\" \/>\n<meta property=\"og:type\" content=\"article\" \/>\n<meta property=\"og:title\" content=\"Startsida &#8211; Colores\" \/>\n<meta property=\"og:description\" content=\"Information om tarmncancer och uppgift att st\u00f6dapatienterna och deras n\u00e4rst\u00e5ende\" \/>\n<meta property=\"og:url\" content=\"https:\/\/www.colores.fi\/sv\/\" \/>\n<meta property=\"og:site_name\" content=\"Colores\" \/>\n<meta property=\"article:modified_time\" content=\"2024-06-05T15:39:38+00:00\" \/>\n<meta property=\"og:image\" content=\"https:\/\/www.colores.fi\/app\/uploads\/2018\/06\/erik-jan-leusink-124268-unsplash.jpg\" \/>\n\t<meta property=\"og:image:width\" content=\"4272\" \/>\n\t<meta property=\"og:image:height\" content=\"2848\" \/>\n\t<meta property=\"og:image:type\" content=\"image\/jpeg\" \/>\n<meta name=\"twitter:card\" content=\"summary_large_image\" \/>\n<script type=\"application\/ld+json\" class=\"yoast-schema-graph\">{\"@context\":\"https:\/\/schema.org\",\"@graph\":[{\"@type\":\"WebPage\",\"@id\":\"https:\/\/www.colores.fi\/sv\/\",\"url\":\"https:\/\/www.colores.fi\/sv\/\",\"name\":\"Startsida &#8211; Colores\",\"isPartOf\":{\"@id\":\"https:\/\/www.colores.fi\/#website\"},\"primaryImageOfPage\":{\"@id\":\"https:\/\/www.colores.fi\/sv\/#primaryimage\"},\"image\":{\"@id\":\"https:\/\/www.colores.fi\/sv\/#primaryimage\"},\"thumbnailUrl\":\"https:\/\/www.colores.fi\/app\/uploads\/2018\/06\/erik-jan-leusink-124268-unsplash.jpg\",\"datePublished\":\"2018-05-29T12:00:10+00:00\",\"dateModified\":\"2024-06-05T15:39:38+00:00\",\"description\":\"Information om tarmncancer och uppgift att st\u00f6dapatienterna och deras n\u00e4rst\u00e5ende\",\"breadcrumb\":{\"@id\":\"https:\/\/www.colores.fi\/sv\/#breadcrumb\"},\"inLanguage\":\"sv-SE\",\"potentialAction\":[{\"@type\":\"ReadAction\",\"target\":[\"https:\/\/www.colores.fi\/sv\/\"]}]},{\"@type\":\"ImageObject\",\"inLanguage\":\"sv-SE\",\"@id\":\"https:\/\/www.colores.fi\/sv\/#primaryimage\",\"url\":\"https:\/\/www.colores.fi\/app\/uploads\/2018\/06\/erik-jan-leusink-124268-unsplash.jpg\",\"contentUrl\":\"https:\/\/www.colores.fi\/app\/uploads\/2018\/06\/erik-jan-leusink-124268-unsplash.jpg\",\"width\":4272,\"height\":2848},{\"@type\":\"BreadcrumbList\",\"@id\":\"https:\/\/www.colores.fi\/sv\/#breadcrumb\",\"itemListElement\":[{\"@type\":\"ListItem\",\"position\":1,\"name\":\"Home\",\"item\":\"https:\/\/www.colores.fi\/sv\/\"},{\"@type\":\"ListItem\",\"position\":2,\"name\":\"Startsida\"}]},{\"@type\":\"WebSite\",\"@id\":\"https:\/\/www.colores.fi\/#website\",\"url\":\"https:\/\/www.colores.fi\/\",\"name\":\"Colores\",\"description\":\"Finlands Tarmcancerf\u00f6rening rf\",\"publisher\":{\"@id\":\"https:\/\/www.colores.fi\/#organization\"},\"potentialAction\":[{\"@type\":\"SearchAction\",\"target\":{\"@type\":\"EntryPoint\",\"urlTemplate\":\"https:\/\/www.colores.fi\/?s={search_term_string}\"},\"query-input\":\"required name=search_term_string\"}],\"inLanguage\":\"sv-SE\"},{\"@type\":\"Organization\",\"@id\":\"https:\/\/www.colores.fi\/#organization\",\"name\":\"Colores-Suomen suolistosy\u00f6p\u00e4yhdistys ry\",\"url\":\"https:\/\/www.colores.fi\/\",\"logo\":{\"@type\":\"ImageObject\",\"inLanguage\":\"sv-SE\",\"@id\":\"https:\/\/www.colores.fi\/#\/schema\/logo\/image\/\",\"url\":\"https:\/\/www.colores.fi\/app\/uploads\/2018\/05\/colores_logo.png\",\"contentUrl\":\"https:\/\/www.colores.fi\/app\/uploads\/2018\/05\/colores_logo.png\",\"width\":1795,\"height\":437,\"caption\":\"Colores-Suomen suolistosy\u00f6p\u00e4yhdistys ry\"},\"image\":{\"@id\":\"https:\/\/www.colores.fi\/#\/schema\/logo\/image\/\"}}]}<\/script>\n<!-- \/ Yoast SEO plugin. -->","yoast_head_json":{"title":"Startsida &#8211; Colores","description":"Information om tarmncancer och uppgift att st\u00f6dapatienterna och deras n\u00e4rst\u00e5ende","robots":{"index":"index","follow":"follow","max-snippet":"max-snippet:-1","max-image-preview":"max-image-preview:large","max-video-preview":"max-video-preview:-1"},"canonical":"https:\/\/www.colores.fi\/sv\/","og_locale":"sv_SE","og_type":"article","og_title":"Startsida &#8211; Colores","og_description":"Information om tarmncancer och uppgift att st\u00f6dapatienterna och deras n\u00e4rst\u00e5ende","og_url":"https:\/\/www.colores.fi\/sv\/","og_site_name":"Colores","article_modified_time":"2024-06-05T15:39:38+00:00","og_image":[{"width":4272,"height":2848,"url":"https:\/\/www.colores.fi\/app\/uploads\/2018\/06\/erik-jan-leusink-124268-unsplash.jpg","type":"image\/jpeg"}],"twitter_card":"summary_large_image","schema":{"@context":"https:\/\/schema.org","@graph":[{"@type":"WebPage","@id":"https:\/\/www.colores.fi\/sv\/","url":"https:\/\/www.colores.fi\/sv\/","name":"Startsida &#8211; Colores","isPartOf":{"@id":"https:\/\/www.colores.fi\/#website"},"primaryImageOfPage":{"@id":"https:\/\/www.colores.fi\/sv\/#primaryimage"},"image":{"@id":"https:\/\/www.colores.fi\/sv\/#primaryimage"},"thumbnailUrl":"https:\/\/www.colores.fi\/app\/uploads\/2018\/06\/erik-jan-leusink-124268-unsplash.jpg","datePublished":"2018-05-29T12:00:10+00:00","dateModified":"2024-06-05T15:39:38+00:00","description":"Information om tarmncancer och uppgift att st\u00f6dapatienterna och deras n\u00e4rst\u00e5ende","breadcrumb":{"@id":"https:\/\/www.colores.fi\/sv\/#breadcrumb"},"inLanguage":"sv-SE","potentialAction":[{"@type":"ReadAction","target":["https:\/\/www.colores.fi\/sv\/"]}]},{"@type":"ImageObject","inLanguage":"sv-SE","@id":"https:\/\/www.colores.fi\/sv\/#primaryimage","url":"https:\/\/www.colores.fi\/app\/uploads\/2018\/06\/erik-jan-leusink-124268-unsplash.jpg","contentUrl":"https:\/\/www.colores.fi\/app\/uploads\/2018\/06\/erik-jan-leusink-124268-unsplash.jpg","width":4272,"height":2848},{"@type":"BreadcrumbList","@id":"https:\/\/www.colores.fi\/sv\/#breadcrumb","itemListElement":[{"@type":"ListItem","position":1,"name":"Home","item":"https:\/\/www.colores.fi\/sv\/"},{"@type":"ListItem","position":2,"name":"Startsida"}]},{"@type":"WebSite","@id":"https:\/\/www.colores.fi\/#website","url":"https:\/\/www.colores.fi\/","name":"Colores","description":"Finlands Tarmcancerf\u00f6rening rf","publisher":{"@id":"https:\/\/www.colores.fi\/#organization"},"potentialAction":[{"@type":"SearchAction","target":{"@type":"EntryPoint","urlTemplate":"https:\/\/www.colores.fi\/?s={search_term_string}"},"query-input":"required name=search_term_string"}],"inLanguage":"sv-SE"},{"@type":"Organization","@id":"https:\/\/www.colores.fi\/#organization","name":"Colores-Suomen suolistosy\u00f6p\u00e4yhdistys ry","url":"https:\/\/www.colores.fi\/","logo":{"@type":"ImageObject","inLanguage":"sv-SE","@id":"https:\/\/www.colores.fi\/#\/schema\/logo\/image\/","url":"https:\/\/www.colores.fi\/app\/uploads\/2018\/05\/colores_logo.png","contentUrl":"https:\/\/www.colores.fi\/app\/uploads\/2018\/05\/colores_logo.png","width":1795,"height":437,"caption":"Colores-Suomen suolistosy\u00f6p\u00e4yhdistys ry"},"image":{"@id":"https:\/\/www.colores.fi\/#\/schema\/logo\/image\/"}}]}},"_links":{"self":[{"href":"https:\/\/www.colores.fi\/sv\/wp-json\/wp\/v2\/pages\/2179"}],"collection":[{"href":"https:\/\/www.colores.fi\/sv\/wp-json\/wp\/v2\/pages"}],"about":[{"href":"https:\/\/www.colores.fi\/sv\/wp-json\/wp\/v2\/types\/page"}],"author":[{"embeddable":true,"href":"https:\/\/www.colores.fi\/sv\/wp-json\/wp\/v2\/users\/1"}],"replies":[{"embeddable":true,"href":"https:\/\/www.colores.fi\/sv\/wp-json\/wp\/v2\/comments?post=2179"}],"version-history":[{"count":9,"href":"https:\/\/www.colores.fi\/sv\/wp-json\/wp\/v2\/pages\/2179\/revisions"}],"predecessor-version":[{"id":8962,"href":"https:\/\/www.colores.fi\/sv\/wp-json\/wp\/v2\/pages\/2179\/revisions\/8962"}],"wp:featuredmedia":[{"embeddable":true,"href":"https:\/\/www.colores.fi\/sv\/wp-json\/wp\/v2\/media\/2181"}],"wp:attachment":[{"href":"https:\/\/www.colores.fi\/sv\/wp-json\/wp\/v2\/media?parent=2179"}],"curies":[{"name":"wp","href":"https:\/\/api.w.org\/{rel}","templated":true}]}}

<!-- This site is optimized with the Yoast SEO plugin v23.3 - https://yoast.com/wordpress/plugins/seo/ -->
<title>Startsida &#8211; Colores</title>
<meta name="description" content="Information om tarmncancer och uppgift att stödapatienterna och deras närstående" />
<meta name="robots" content="index, follow, max-snippet:-1, max-image-preview:large, max-video-preview:-1" />
<link rel="canonical" href="https://www.colores.fi/sv/" />
<meta property="og:locale" content="sv_SE" />
<meta property="og:type" content="article" />
<meta property="og:title" content="Startsida &#8211; Colores" />
<meta property="og:description" content="Information om tarmncancer och uppgift att stödapatienterna och deras närstående" />
<meta property="og:url" content="https://www.colores.fi/sv/" />
<meta property="og:site_name" content="Colores" />
<meta property="article:modified_time" content="2024-06-05T15:39:38+00:00" />
<meta property="og:image" content="https://www.colores.fi/app/uploads/2018/06/erik-jan-leusink-124268-unsplash.jpg" />
	<meta property="og:image:width" content="4272" />
	<meta property="og:image:height" content="2848" />
	<meta property="og:image:type" content="image/jpeg" />
<meta name="twitter:card" content="summary_large_image" />
<script type="application/ld+json" class="yoast-schema-graph">{"@context":"https://schema.org","@graph":[{"@type":"WebPage","@id":"https://www.colores.fi/sv/","url":"https://www.colores.fi/sv/","name":"Startsida &#8211; Colores","isPartOf":{"@id":"https://www.colores.fi/#website"},"primaryImageOfPage":{"@id":"https://www.colores.fi/sv/#primaryimage"},"image":{"@id":"https://www.colores.fi/sv/#primaryimage"},"thumbnailUrl":"https://www.colores.fi/app/uploads/2018/06/erik-jan-leusink-124268-unsplash.jpg","datePublished":"2018-05-29T12:00:10+00:00","dateModified":"2024-06-05T15:39:38+00:00","description":"Information om tarmncancer och uppgift att stödapatienterna och deras närstående","breadcrumb":{"@id":"https://www.colores.fi/sv/#breadcrumb"},"inLanguage":"sv-SE","potentialAction":[{"@type":"ReadAction","target":["https://www.colores.fi/sv/"]}]},{"@type":"ImageObject","inLanguage":"sv-SE","@id":"https://www.colores.fi/sv/#primaryimage","url":"https://www.colores.fi/app/uploads/2018/06/erik-jan-leusink-124268-unsplash.jpg","contentUrl":"https://www.colores.fi/app/uploads/2018/06/erik-jan-leusink-124268-unsplash.jpg","width":4272,"height":2848},{"@type":"BreadcrumbList","@id":"https://www.colores.fi/sv/#breadcrumb","itemListElement":[{"@type":"ListItem","position":1,"name":"Home","item":"https://www.colores.fi/sv/"},{"@type":"ListItem","position":2,"name":"Startsida"}]},{"@type":"WebSite","@id":"https://www.colores.fi/#website","url":"https://www.colores.fi/","name":"Colores","description":"Finlands Tarmcancerförening rf","publisher":{"@id":"https://www.colores.fi/#organization"},"potentialAction":[{"@type":"SearchAction","target":{"@type":"EntryPoint","urlTemplate":"https://www.colores.fi/?s={search_term_string}"},"query-input":"required name=search_term_string"}],"inLanguage":"sv-SE"},{"@type":"Organization","@id":"https://www.colores.fi/#organization","name":"Colores-Suomen suolistosyöpäyhdistys ry","url":"https://www.colores.fi/","logo":{"@type":"ImageObject","inLanguage":"sv-SE","@id":"https://www.colores.fi/#/schema/logo/image/","url":"https://www.colores.fi/app/uploads/2018/05/colores_logo.png","contentUrl":"https://www.colores.fi/app/uploads/2018/05/colores_logo.png","width":1795,"height":437,"caption":"Colores-Suomen suolistosyöpäyhdistys ry"},"image":{"@id":"https://www.colores.fi/#/schema/logo/image/"}}]}</script>
<!-- / Yoast SEO plugin. -->

Information om tarmncancer och uppgift att stödapatienterna och deras närstående

Finlands Tarmcancerförening rf

Colores-Suomen suolistosyöpäyhdistys ry
